 f, b + 4*u = 477. Is b a prime number?
False
Suppose y = -y - i - 1047, 4*i + 1558 = -3*y. Let o = 2069 + y. Is o a composite number?
False
Suppose -2*c = 10, -3*n - 5*c + 1567 = -6193. Suppose -15*k - 110 = -37*k. Suppose -2180 = -k*d + n. Is d a prime number?
False
Let m = -8689 + 13818. Is m composite?
True
Let w(s) = -4*s**3 - 13*s**2 + 65*s + 38. Let r(i) = -3*i**3 - 12*i**2 + 64*i + 38. Let g(z) = 3*r(z) - 2*w(z). Is g(-17) composite?
True
Suppose 26*u + 4 = 22*u. Is (-5 - u) + 494 + 3/(-1) composite?
False
Is -184799*(-2)/18 + 106/(-477) a prime number?
True
Suppose 0 = -4*r + 3*r - 2. Is ((-6599)/r)/(1*1/2) a composite number?
False
Let c = 310743 + 483664. Is c prime?
True
Suppose 13*o - 5*o = 3200. Suppose 0 = 9*k - 10*k + o. Suppose -4*a = -452 - k. Is a a prime number?
False
Let h = -328 - -345. Suppose h*j = 4065 - 1056. Is j composite?
True
Let q(j) = j**3 - 6*j**2 + 15. Suppose -u - 4*u - 3*o = -45, -5*u + 2*o = -20. Let c be q(u). Suppose 3*x - 78 = -c. Is x a composite number?
True
Suppose 59*c - 63*c + 20 = 0. Suppose 2*h - v = 983, c*v - 907 - 1573 = -5*h. Is h composite?
True
Suppose 155 = -3*q + 539. Suppose -72 - q = -4*v. Let b = v - -257. Is b composite?
False
Let z be (1 - (-46 + -5))*6/4. Let n = z - 48. Is 751/3 + n/45 composite?
False
Let k(m) = -632*m - 200*m - 318*m - 648*m - 278 - m. Is k(-9) a prime number?
True
Let m be (1/(-10) - 70/175)*0. Suppose j - 2*n - 2415 - 514 = m, 4*n = 5*j - 14639. Is j a composite number?
False
Suppose -5*w = -0*w + 3*w. Is (5 - -1) + 737 - w a composite number?
False
Let c(g) = 2*g - 12. Let t be c(7). Suppose -2717 + 901 = -t*s + 2*f, 0 = -2*s - 3*f + 1796. Is (s/(-12))/((-4)/6) a composite number?
False
Let d be -7 + (-328)/(-48) - 585955/(-6). Suppose d = 12*q + 26391. Is q prime?
True
Let h be 2797*-1 - (0 - (-6 + 9)). Let g = 1891 + h. Let f = 1754 + g. Is f a prime number?
False
Let p = 104 - 104. Suppose p = 13*m - 16*m + 30777. Suppose -m = -5*j + 4*f, 352 + 1702 = j - 3*f. Is j a composite number?
True
Let k(u) = 5*u**2 - 2*u + 7. Let n = -19 - -23. Let c be k(n). Let j = c + -22. Is j a composite number?
True
Suppose -67*j + 63*j + 6604 = 0. Suppose -h + 5*t = -537, j = 5*h - 2*h - 5*t. Is h a prime number?
True
Let k = -239249 - -507106. Is k composite?
False
Let i be 4 - (-11 + -1 - -5). Suppose 0 = -6*o + i*o - u - 9096, 2*u - 7274 = -4*o. Is o a prime number?
False
Let g(d) = 227*d**2 - 160*d**2 - 24*d + 315*d**2 + 2*d - 30*d - 31. Is g(9) composite?
True
Let n(w) = -3*w - 18. Let v be n(-7). Suppose -653 = -v*r + 169. Let m = r - -108. Is m a prime number?
False
Let z be -8 - 0 - -4 - 8/(-1). Suppose 5*c - 13 = -3, 6915 = p + z*c. Is p prime?
True
Is (-590)/(-472)*366484/5 a prime number?
True
Suppose 30666 = 2*v - 3*r - 176350, 0 = 3*v - 3*r - 310527. Is v prime?
True
Let x = -45 - -49. Suppose -x*p - 2*f = f - 28, 4*p + 5*f - 36 = 0. Is -1259*p/(-12)*3 composite?
False
Suppose 168543 = -49*h + 989636. Is h composite?
True
Suppose -4*o + 2*o = -8. Suppose 5*x + 421 = -j + 1960, -2*x - o*j + 630 = 0. Is x composite?
False
Suppose -6*t + 49*t = 0. Suppose -3*g + 3*y + 23142 = t, -3*y = -g + 8835 - 1123. Is g a composite number?
True
Suppose d - 104 = -0*d. Let v = -104 + d. Suppose -4*x = 5*y - 2403 - 1113, v = 5*x - 5*y - 4395. Is x a prime number?
False
Let g be 0*(2/8)/(6 + -5). Suppose -95240 = -g*q - 8*q. Is q a composite number?
True
Let t(o) = -o**3 - 9*o**2 - o + 4. Let l be t(-10). Let w = l - -132. Suppose 4 = -4*v, 2*v = 2*c - 682 + w. Is c composite?
True
Let h(u) = 5*u**3 - 23*u**2 + 9*u - 144. Is h(23) a composite number?
False
Suppose 0 = 2*f - 2. Suppose 2*d + 5*i = 14, d = -d - 4*i + 10. Is 1211 - d - (2 - f) composite?
False
Suppose -52*t + 23467 = -51*t + 5*g, 6*t - g - 140988 = 0. Is t a composite number?
False
Suppose -25*j + 44 = -14*j. Suppose -2*c - 81037 = 6*t - 11*t, j*t - c = 64829. Is t prime?
False
Suppose -60 = 7*g - 27*g. Suppose 4*c = -g*c + 6979. Is c a composite number?
False
Suppose -1539922 = -4*d + 2*d + 4*y, y = 4*d - 3079844. Is d a composite number?
False
Suppose 0 = -13*h + 4 + 9. Let f(d) = 201*d**3 + 2*d**2 + 2. Let j(p) = -401*p**3 - 5*p**2 - p - 4. Let b(v) = 5*f(v) + 2*j(v). Is b(h) prime?
False
Suppose -1377 = -3*q - 252. Let i = 694 - q. Is i a composite number?
True
Let a be (-20431)/(2 - (-88)/(-48)). Is (14 - 11)*a/(-18) prime?
True
Let p = 153988 - 98577. Is p composite?
False
Suppose -1095024 - 24941859 = -127*h + 46*h. Is h prime?
True
Suppose 2*n = -3*o + 458, -5*o - 15*n = -17*n - 790. Let q = o + 139. Is q composite?
True
Let j be (-2)/(-9 - -3) - 368045/(-3). Suppose 32*v - 104614 - j = 0. Is v a composite number?
False
Is (-1 - 1)*((-19973220)/168 - 10/35) composite?
True
Suppose 181*q = 165*q + 1911184. Is q a composite number?
True
Let j be (15 + -3)*(-4)/(-12). Suppose -u + j*y - 1077 = -6970, 4*u - 23583 = 5*y. Is u composite?
False
Let m = 59680 + -36537. Is m a composite number?
False
Suppose -3*x - 4*r = -1 - 5, -4 = -2*x - 3*r. Suppose 5*j - 1762 - 2817 = -w, w = x*j + 4579. Suppose 2*z = 2*m - 1830, 3*m - w = -2*m + 3*z. Is m prime?
False
Let n = 5994 + -20768. Suppose 28 = -4*f - 3*y, 3*y + 4 = -f + 3*f. Is n/(-8) + f/(-16) a composite number?
False
Let o = -656 + 660. Suppose -o*z + 1330 = z - b, z + 3*b = 282. Is z prime?
False
Let x(l) = l**3 - 8*l**2 - 5*l - 1. Let w(c) be the first derivative of c**2/2 + 2*c - 34. Let g be w(8). Is x(g) prime?
True
Let q = 84 - 84. Suppose 4*i - r + 118 - 406 = q, 0 = 3*i + 3*r - 231. Let m = 16 + i. Is m composite?
False
Suppose 0 = 7*k - 620 - 346. Let q = k + 155. Is q a composite number?
False
Let m(n) = -130*n + 27. Let c = 16 - 24. Is m(c) a prime number?
False
Let g(s) be the first derivative of -855*s**2 + 35*s - 39. Is g(-2) a prime number?
False
Let m(r) = -24*r**3 + 3*r**2 - 8*r + 6. Let i be m(2). Let j = i + 776. Is j a composite number?
True
Is ((-412118)/(-4))/(18*(-25)/(-900)) prime?
False
Suppose 58*j - 1281563 = 1253708 + 678451. Is j a prime number?
False
Suppose 0 = 51*m - 51852 + 13425 - 26139. Suppose -3*w + 64 = 3*c + 2*c, -5*w = 2*c - 37. Suppose b + c = m. Is b composite?
True
Suppose -7*s - 8 = -22. Suppose z + 2*w + w = -s, 44 = 4*z - w. Suppose -11*k + z*k + 6 = 0. Is k prime?
False
Let r(g) = 1512*g + 1726259. Is r(0) a prime number?
True
Suppose 0 = -41*i + 44154 + 27072 + 673703. Is i a prime number?
True
Let q(f) be the first derivative of -11*f**4/24 - 23*f**3/6 + 5*f**2/2 + 17. Let v(o) be the second derivative of q(o). Is v(-14) a prime number?
True
Is 1/((99/(-23767931))/(-9)) a composite number?
False
Suppose -39 = -12*w + 9*w. Is (w + -11)*(-4666)/(-4) a composite number?
False
Let w = 90341 + -53515. Is w composite?
True
Let y = 2537022 - 1622417. Is y a composite number?
True
Let f = -2043 - -7365. Let l = 8921 - f. Is l a composite number?
True
Let s = -34 + 39. Suppose -10 = -s*p, -2*y + 4*p = -0*p - 91506. Is y a prime number?
True
Is (-4 + 1063970/15)/((-28)/(-42)) a prime number?
True
Suppose -v - s + 148 = 0, 6*v = v + 5*s + 760. Suppose -8185 = v*h - 155*h. Is h a composite number?
False
Suppose -39*s = 796959 - 2096988 - 5829600. Is s prime?
False
Let f(v) = 3389*v + 214801. Is f(0) prime?
False
Suppose b = 4*w - 22, w - 14 = -4*b - 0. Suppose 0 = w*y - 97748 - 16330. Is y a composite number?
False
Let f = 1212910 + -704901. Is f prime?
True
Let o(q) = -q**3 - 12*q**2 + 15*q + 30. Let k be o(-13). Suppose 5*g = -c + 3511, 12850 = k*c + g - 1118. Is c a composite number?
False
Let z(m) = -m**3 - 19*m**2 + 63*m - 7. Let q be -28 + 3/(9/6) - -2. Is z(q) a prime number?
True
Let w(k) = k**3 + 6*k**2 + 3*k - 3. Let r be w(-4). Let p = r - 21. Is 4*p/(-16)*1219 a composite number?
True
Is ((-5100568)/(-28) - 2*-2) + 52/(-364) a composite number?
False
Is (415/85 - 5)/(-1) - (-68117)/17 a prime number?
True
Let k(l) be the third derivative of -4*l**5/15 + 13*l**4/24 - 67*l**3/6 + 11*l**2. Let q be k(21). Let z = -3989 - q. Is z a prime number?
True
Let y be 2 + (5 + -6 - (0 + -2)). Suppose 23645 = 2*t + y*i, -5*i - 4375 + 16201 = t. Is t a composite number?
False
Let s be (3 - -1)*1631/(-14). Suppose 4*u + 32 = -40. Is (-54)/u*s/(-6) a prime number?
True
Suppose 499*g + 31488 = 507*g. Let k = g - 2455. Is k a prime